 -549 + 603. Calculate the greatest common divisor of p and y.
18
Let z(g) = 65*g + 641. Let r be z(-7). Calculate the greatest common factor of 1209 and r.
93
Let m be (-24)/(-9)*72/48. Suppose 0 = -3*j + 2*l - 49 + 437, -2*j - m*l + 248 = 0. Calculate the highest common factor of 96 and j.
32
Suppose 5567 = -735*p + 18797. Let w be ((-4)/6)/(2/(-6)). Calculate the greatest common factor of w and p.
2
Let x(p) = -111*p + 2. Let j be x(-1). Let h = -23 - j. Let u = -116 - h. What is the greatest common divisor of 8 and u?
4
Suppose 42*u = 34*u + 32. Let z be (-2)/u*(-3 - (-2 - -3)). Suppose 5*n = -36 + 86. Calculate the greatest common factor of z and n.
2
Let y be (-1)/(1 - 4)*15. Let a(p) = -p**3 + 9*p**2 - 6*p - 7. Let u be a(y). Suppose 7 + 0 = b. What is the greatest common divisor of b and u?
7
Suppose 13 - 31 = -4*o - 2*q, 0 = -5*o - 2*q + 23. Let x be (o - (6 - 8))/(2/6). What is the highest common divisor of 24 and x?
3
Let k(z) = -z**3 + z**2 - 13*z - 54. Let t be k(-5). What is the highest common factor of t and 21?
7
Let m = -55 + 169. Suppose -15*l + 126 = -m. Calculate the highest common factor of l and 24.
8
Suppose 0 = f - 4*m - 12, -29 + 2 = -3*f + 3*m. Let n be -18 + f + 6 + -1 + 12. Let p be ((-7)/3)/(4/(-132)). Calculate the highest common factor of p and n.
7
Let h = -64 + 139. Let s be (2 + 18/((-6)/2))*-1. Suppose -s*v + 2*j + 158 = v, 3*v - 2*j - 98 = 0. What is the greatest common factor of h and v?
15
Suppose -49*a + 969822 = 17*a - 1486962. Calculate the highest common factor of a and 264.
264
Let s(y) = y**3 - 22*y**2 - 13*y - 45. Let u be s(22). Let b = -236 - u. Calculate the greatest common divisor of b and 19.
19
Let s(o) = 10*o**2 + 28*o + 132. Let h be s(-4). Calculate the greatest common divisor of 876 and h.
12
Suppose 0*k = 3*k - 225. Let h = k - 57. What is the greatest common divisor of 342 and h?
18
Suppose n + d - 145 = -3*n, -5*n = -4*d - 176. Suppose 11*z - n = 7*z. Suppose 11 = z*i - 124. What is the greatest common divisor of 10 and i?
5
Let y(t) = t**2 - 16*t - 1146. Let w be y(43). Calculate the greatest common divisor of 39615 and w.
15
Let h be ((-76 + -24)/(-20))/(2/250) + -14. Let a be 46 - (0 - -1 - 2). What is the highest common divisor of h and a?
47
Let r = -172 - -167. Let g be r + 352/((-2)/(-1)). Calculate the highest common factor of 19 and g.
19
Suppose 460 - 132 = 3*x + 4*z, -x + z = -100. Suppose -y + 4*d = -20, -7*y - 2*d = -3*y - 98. Calculate the highest common factor of y and x.
8
Suppose 5*m - 10 = 0, -113*i + m - 137 = -116*i. What is the greatest common divisor of 2055 and i?
15
Let v(g) = -g**3 - 3*g**2 + 2*g + 3. Let c be v(-6). Let j = c - 97. Suppose -2*p + 416 = j*p. What is the greatest common factor of p and 13?
13
Let u = -82 + 106. Suppose -12 = -3*p + u. Let d be 289/4 - 4/16. What is the highest common divisor of p and d?
12
Let a = 56 - 20. Let g = -850 - -1443. Let c = g - 581. Calculate the highest common factor of c and a.
12
Let h(m) = 15*m + 2250. Let n be h(-126). What is the highest common divisor of 1560 and n?
120
Let w = 1093 + -805. Calculate the greatest common factor of 8 and w.
8
Let q(i) = 2*i**2 - 2*i - 7. Let v be q(-6). Suppose -193 = -2*o - v. Suppose 5*d = 27 + o. Calculate the highest common factor of 136 and d.
17
Suppose 463*a - 1713981 = 393791 - 134003. What is the greatest common factor of a and 29?
29
Let p(f) = -f**2 - 4*f + 1. Let y be p(-3). Suppose 2*t - y*t + 56 = 0. Suppose -820*n + 1848 = -776*n. What is the highest common divisor of t and n?
14
Suppose -126*v + 86*v + 24480 = 0. What is the greatest common factor of v and 1564?
68
Suppose 8*j = 4*j + 12. Suppose -j = -d - 0*d. Suppose 240 = 47*o - 747. Calculate the greatest common divisor of o and d.
3
Suppose 11518 = 58*c + 13094 - 34752. Calculate the greatest common factor of 110 and c.
22
Suppose 3*h = -3*s + 4473, 22*h - 21*h = 2*s - 2979. What is the highest common factor of s and 40?
10
Let k = 221 + -101. Let a = k - 84. Calculate the greatest common factor of 396 and a.
36
Let g be 5 + (2/(-6))/(-4 - (-110)/30). Let z(f) = 2*f**3 - 8*f**2 - 4*f - 6. Let d be z(6). What is the highest common divisor of g and d?
6
Let w(t) = t**2 - 31*t - 25. Let u be w(32). Suppose -115 = -u*h - 10. What is the highest common divisor of h and 345?
15
Suppose x + 3*x - 5*b = 575, 0 = -3*x - 2*b + 437. Let k = -75 - -77. Let g be k/(-4) + 236/8. Calculate the highest common factor of g and x.
29
Let a = -8800 - -14190. What is the greatest common divisor of a and 110?
110
Let k = -94 + 104. Let a be 5 - 56/(-10) - (-4)/k. What is the greatest common divisor of a and 22?
11
Suppose 4 = 5*h - 6. Let d be (h - 5) + 32 - -2. Let t be -1*((-155)/15 - 0)*21. Calculate the greatest common factor of d and t.
31
Let n = 217 + -91. Let h = 1054 + -758. Let j be h/111 - 354/(-9). Calculate the highest common factor of n and j.
42
Let q = 15172 - 10972. What is the highest common factor of 750 and q?
150
Let s be -2 + 5 + (-5)/(-5). Suppose -30 = s*j - 6*j. Suppose 0 - j = -5*d. What is the greatest common factor of 3 and d?
3
Suppose 7*y - 7 + 49 = 0. Let d(t) = 10*t**2 - 32*t + 6. Let g be d(y). Calculate the highest common factor of 62 and g.
62
Suppose 5*t - 10540 = -13*h, 2*h - 6325 = -4*t + 2107. What is the greatest common divisor of 31 and t?
31
Suppose 4*a + 9 - 41 = -4*f, 4*f - 4*a = 0. Let v = 120 - 52. Suppose -3*i + 124 = -v. What is the highest common factor of f and i?
4
Suppose -h - g + 20 = 2*g, 0 = -2*h + 2*g + 48. Let n = -3378 - -3405. Let d = n + h. What is the greatest common factor of 10 and d?
10
Let n = 351 - 240. Suppose 2*d = 2*p + 35 + 31, -3*d - 3*p + n = 0. What is the greatest common factor of 25 and d?
5
Suppose -19 = -b + 5*u, 0 = -b - 0*u + u + 3. Let z be -1 + -2 - b*113. Let g be 441/27 + -7 - (-4)/6. What is the greatest common divisor of g and z?
10
Let m = 3584 - 3260. Let v = -3 - -15. Calculate the highest common factor of v and m.
12
Suppose m - 40 = -0*d - 2*d, -2*d = -4*m + 210. Let a = -283 + 289. Let q be (a/9*2)/((-2)/(-15)). Calculate the greatest common factor of q and m.
10
Let k be 680/(-15)*(7 + -10). Suppose 3*j + 48 = 9*j. What is the greatest common divisor of k and j?
8
Let f = 133 + -125. Let i be 2/(-11) + (-1954)/22. Let x be -4 + (-1 - i)/2. Calculate the greatest common divisor of f and x.
8
Suppose 26*x - 17225 - 1921 = 4774. Calculate the highest common factor of 1748 and x.
92
Let b = -24226 + 39578. What is the highest common factor of b and 152?
152
Let j be 24/(1 + -3 + -3 + 7). Let r be -4*(-3)/j*(-1 - -6). Suppose 2*m = m + 10. What is the greatest common divisor of m and r?
5
Suppose 8*m = -2397 + 829. Let i be m/(-24) + (-25)/(-30). What is the greatest common divisor of i and 21?
3
Let o = 69 - 9. Suppose -23*q + 27*q - o = 0. What is the greatest common divisor of q and 3?
3
Let v be -2 - -6 - (-4)/(-2). Suppose 0*d + w = 2*d - 10, v*d + 2*w = 4. What is the greatest common divisor of d and 11?
1
Let d = -584 - -708. Suppose -24*v + 264 = -2*v. What is the highest common divisor of v and d?
4
Let i = -1546 + 1626. Suppose l - 2 = 0, 4*m + l - 2*l = 10. Suppose x - 55 = 5*u, -2*x - 2*u - m*u = -i. What is the greatest common divisor of 15 and x?
15
Suppose 7 = a - 2*q, -2*q - 29 = 4*a - 67. Suppose 0 = -a*h + 7*h + 384. Calculate the highest common divisor of h and 448.
64
Suppose -22*s - 27 = -27. Suppose -126*r + 141*r - 2160 = s. What is the greatest common divisor of r and 128?
16
Let f(d) = -d**3 + 11*d**2 - 16*d + 13. Let x be f(6). Let c = x + -49. Calculate the highest common factor of c and 32.
16
Let j = -10897 + 10911. Let p = 8 - -293. What is the highest common divisor of p and j?
7
Let m(w) = -2*w**3 + 8*w**2 - 8*w - 1. Let t be m(3). Let h be -40*t/(175/120). Calculate the greatest common divisor of 40 and h.
8
Suppose -355 = -26*i - 69. Calculate the highest common divisor of 1023 and i.
11
Suppose 2*p = -2*n + 11 + 5, -p + 3 = 0. Suppose u + 47 = 2*l, -9*l = -n*l + 3*u - 69. What is the greatest common factor of l and 28?
7
Let r be ((-48)/80)/(2/1910). Let w = r + 690. Calculate the highest common factor of w and 13.
13
Suppose -25*w + 5*j = -142285, -3*j = w - 2533 - 3136. What is the highest common divisor